 (1076 + -1107) - -24?
-48
Evaluate -49 + 1 + (2821 - 2731).
42
255 - (128 + (12 - -25))
90
Evaluate -3 + 52 + -34 + (-4 - 4 - -86).
93
Evaluate -11 - ((-61 - -10) + (-17 - 3)).
60
What is the value of -23 + 0 + 16 + 7 + -128 + 97?
-31
What is 15 + -5 - -33 - 5 - (-44 - -34)?
48
What is the value of (-59 - 7 - -3) + (-51 - -67)?
-47
What is 73 + (31 - 136) - ((1 - -1) + -10)?
-24
What is 0 + (-226 + 208 - (2 - 10 - -1))?
-11
What is 90 + 23 + (-21 - -18) + -19?
91
What is (6 - 26) + -60 + 55 - -88?
63
What is the value of 13 + 11 + 23 + (4 - ((-20 - -4) + 13))?
54
What is 165 + -48 + -18 + -35?
64
Evaluate (4 + -11 - (-1 + -17)) + (33 - 33).
11
1 + 40 + (32 - 1 - (-788 - -815)) - -6
51
-45 + 14 - (7 - 32) - (31 + 0)
-37
What is the value of -13 - (0 - (10 - ((-10 - -1) + 17 + -3)))?
-8
What is 2 - (-42 + -8 + 21 + -1)?
32
(92 + -29 - 51) + -110
-98
Evaluate 15 - (-20 + (23 - (25 - 9))).
28
What is the value of (15 - 25) + -23 + 16?
-17
What is (28 - 2) + 98 + -130 + 6?
0
What is -173 + -39 + 94 + 147?
29
What is the value of -46 - -19 - (44 - (43 + -21))?
-49
What is the value of -7 + 11 + (3 - -1) - (-5 + 14 + -10)?
9
What is the value of -57 + 38 + 61 - 47?
-5
Calculate (-88 + 14 - -153) + (-25 - 0).
54
Calculate -16 - ((-46 - -52) + 6 + -21).
-7
(6 + 23 - 36) + 40
33
(5 - (-27 - -18)) + -29 + (-3 - (-5 - 17))
4
Calculate 0 + (1 - 4) + 1 + 16 + 2352 + -2336.
30
Evaluate (-3 + -14 - -3 - -2) + -2 + 0.
-14
Calculate 11 - -9 - ((-77 - -71) + 2 + -10).
34
Calculate 112 + (-111 - -125) + -68.
58
-8 + (-48 - (62 - 98))
-20
Calculate -23 + (16 - 9) - ((4 - -8) + -6).
-22
What is -5 - 4 - (9 - (39 - 16 - 8))?
-3
What is the value of -2 + 73 + -36 + -6 + -18?
11
What is 15 + (-43 - -16 - -14) + (-5 - -24)?
21
What is (4 - 18) + 7 + 4 + 22 + -12 + -8?
-1
What is (64 - (-130 - -166)) + -147 + 2?
-117
What is (18 - -21) + -8 - (-6 + -13)?
50
(10 - 4) + 129 + -71 + 2 + 0 - -1
67
(20 - 7) + (-21 - 6) + (-8 - -36)
14
Evaluate (-12 - -76) + (16 - 12 - -6).
74
-46 + 3 + 44 - (17 - (-1 - -2))
-15
16 + -29 + -7 - -138
118
What is the value of 115 + (-14 - (-5 + 11 - -5 - 47))?
137
What is the value of 16 + -1 - (-2 + -17 + 11 + 15)?
8
What is the value of 937 + -885 + -21 + 0?
31
Calculate 115 - ((15 - -1) + -25 + 23) - 11.
90
What is 81 + -95 + (-7 - -1 - (-21 - 3))?
4
What is -45 + (26 - -22) + (-32 - 2 - (0 - -1))?
-32
Evaluate (-5 - 8) + (-63 - -32) + 5.
-39
5 + -1 + -3 + (7 - 12) + 46
42
What is 518 + -649 + -58 + 59 + (1 - -3)?
-126
What is the value of 32 + -17 + (-11 - -8) + 1 + -14 + 81?
80
193 + -8 + -73 + -57
55
Evaluate 0 - -70 - (109 - (30 + 59)).
50
Evaluate -76 - (-188 - -140) - (-1 + -22).
-5
What is (3 + 0 - 0) + (-11 - (-55 + 26 - -2))?
19
Calculate -1 + 14 - -1 - (-97 - (127 + -227)).
11
Calculate (-11 + 4 - 6) + (207 - 191).
3
What is (17 - 29) + (-19 + 17 - 14)?
-28
What is the value of 3 - (1 - (-13 + 4 + (10 - 7)))?
-4
What is (-130 - (-250 + 102)) + (-28 - 2)?
-12
What is the value of (-4 - 7) + -3 + -3 + -39 + 51?
-5
Evaluate -11813 - -11800 - (-2 - (-59 - 1)).
-71
1 + -4 + -1 + (4 - 14) + 4 + -7
-17
What is (-135 - (5 - 4)) + (20 + (2 - 18) - -5)?
-127
What is the value of -70 - (8 - (167 - 68))?
21
What is the value of 24 - (-132 + (-4 - (0 + 5))) - 16?
149
Calculate 17 - (-13 + 28 + 32).
-30
What is the value of 28 - (-10 - (8 - 62))?
-16
Calculate (16 + -10 - -74) + -13 + -21 + -7.
39
-389 - -499 - (-12 + 65)
57
What is the value of (-8 - (45 + -61)) + (-19 - (1 + 0))?
-12
123 - 111 - (-9 - -21 - 3)
3
212 + -173 + -91 - (-1 + 10 + 0)
-61
Evaluate -14 - -10 - -8 - (-12 + 5 - 15 - -179).
-153
What is -53 - 4 - (-8 + -3 - -29)?
-75
Evaluate (193 - 0) + (2365 - 2463).
95
Evaluate -72 + 64 + 26 - (10 + -8).
16
Calculate -15 - ((24 - (58 - 30)) + 20).
-31
What is the value of 2 + -83 + 54 - 21?
-48
What is (-150 + 141 - 139) + 109?
-39
Calculate (-41 - (15 - 147)) + 17 - 35.
73
What is the value of (41 - (-7 + 58)) + -2 + -6?
-18
Evaluate -78 - (24 - -11 - 78 - -47).
-82
462 + -473 + 53 + (0 - -2)
44
What is the value of -44 - ((-5 - -71) + -175)?
65
What is -1 - (-6 - (3 - -2)) - (4 - -37 - -24)?
-55
Evaluate (5 - (31 - (4 - -11))) + -54.
-65
((2 - 0) + -138 + 135 - 4) + -2 + 22
15
Evaluate -214 - -264 - (2 - (-1 - -15) - (-6 + 2)).
58
What is the value of -9 + 8 + 0 + (8 - (17 + -3 + -13))?
6
Evaluate 27 + -37 + 51 + -50.
-9
Calculate -12 + (3 - -30) - 7 - (-24 - -68).
-30
Evaluate 57 + -16 + -31 + 2 + 13.
25
What is the value of -15 + 47 + -8 + (7 - -4)?
35
Evaluate (85 - 0) + 32 + 6 + -32 - (55 + -48).
84
What is the value of 51 - (19 + -12 + (-4 - ((-2 - -12) + -9)))?
49
Calculate -3 - (84 + (26 - 40) + 15).
-88
Calculate -1 + 53 - (2 - (-41 + (-29 - -58))).
38
Evaluate (88 - (-48 - -92)) + -72.
-28
What is (498 - 475) + -3 + -35 + (1 - 0) + -60?
-74
What is the value of 37 + (14 + 0 - (24 + (-39 - -23)))?
43
Calculate -2 - (-78 + 3) - (192 - 167).
48
What is the value of (5 + -8 - -45) + -199 + 200 + -18?
25
Evaluate 0 + 4 - 22 - (99 - 17 - 222).
122
What is (-4 - (71 - 34)) + (1 - -2 - 2)?
-40
Evaluate 22 + 38 + -75 + 14 + -34.
-35
Calculate 3 + -27 + (-265 - -295).
6
What is (-30 + -19 - -18) + -5?
-36
What is the value of 23 + -23 + 20 + (4 - (4 + 4 + 2))?
14
What is -131 + 45 + 48 + -7?
-45
What is the value of -1 + 48 + -32 + -1 + (-3 - 21)?
-10
-2629 + 2585 + (147 - (0 + 1))
102
Calculate (0 - -1 - 10) + -943 + 1010.
58
70 - (-129 + 130 + 15)
54
What is 4 + 86 + ((12 - 13) + 6 - (0 + -9))?
104
What is the value of (22 - (-1 - 0)) + (4210 - 4186)?
47
What is the value of -54 - (-47 + -18 + 35 + 22)?
-46
What is (-18 - -24) + -43 - (3 + 1)?
-41
Calculate -5 + -18 + 6 + -9 + 49.
23
Calculate (-19 - -15) + 12 - (-158 - -42 - (2 - 6)).
120
-52 + (88 - 40) + 9
5
-48 + (22 - (1 - (-43 - -14)))
-56
What is the value of -4 + -4 + 5 + -16 + 9 + -59?
-69
Calculate 3 + 1 - ((-11 - -31) + (24 + -39 - 0)).
-1
What is 57 + (87 - 127) - -30?
47
What is 32 + (-11 - -1 - (-1 + -9 - (-82 + 77)))?
27
-80 + (57 - -135) + -20
92
(40 - 84 - (10 + 17)) + -10
-81
What is 16 - (33 - (-12 + 52))?
23
Evaluate -33 + (-4 - -39) + (1 - 7) + 17.
13
Calculate 1 - -66 - 2 - (-7081 - -7087).
59
Calculate (-3 - (19 - 10) - 7) + (-4 - -4).
-19
Calculate (37 - (-87 + -25)) + -59.
90
What is (-1 - -19) + 30 + -64 + 5 + 75?
64
What is -13 + 1 - (0 - -10 - ((2 - 63) + 6))?
-77
Calculate 17 + (-6 + 98 - (18 + 8)).
83
Calculate 20 - (100 - (35 - -26)).
-19
What is -47 + (-44 - -13) + -5 + 32 + -14?
-65
Calculate 22 - 42 - -52 - 27.
5
What is 11 + (0 - -2) + (-1003 - -1020)?
30
Calculate 45 + -13 - 5 - (85 + -68).
10
Calculate (35 - 134) + 84 + -77.
-92
Evaluate -44 + 32 + 108 + -36.
60
What is the value of (-3 + 2 - -9) + (-46 - -25 - -20) - 6?
1
Evaluate (20 - (0 - 2)) + 23 + -68.
-23
Evaluate 1919 + -1888 + -83 + 0 - -22.
-30
What is 37349 - 37345 - (42 - 0)?
-38
What is (-3 + -5 - (-64 + 10 + 15)) + -13?
18
Calculate (71 - (20 - 2)) + -12.
41
Calculate -3 - ((6 + 5 + -24 - -19) + -19).
10
What is the value of -23 - (-36 + -8) - 43?
-22
What is (1 + -8 - 0 - (-688 + 675)) + 0?
6
Calculate (-1260 - -1165) + (-1 - ((2 - 13) + 2)).
-87
Calculate 47 - 100 - -91 - (7 + 152).
-121
Calculate (11 - 39) + (243 - 229).
-14
What is (4 - (2 - -87)) + (3 + 12 - 10) - -10?
-70
What is (-1 - -5) + (4 - -53) + -18?
43
What is the value of 16 + 25 + -11 + 1 + -19 + (0 - 57)?
-45
Evaluate 5 + (-108 - (14 - (-15 - -46))) - -16.
-70
What is the value of (26 + -79 - -7) + 57?
11
Evaluate 4 + (-2 + 11 - 9) + 5 + -15 + -9.
-15
What is (1129 - 1069) + (0 - (0 - (-3 + 0)))?
57
What is -5 - 0 - (495 + -512)?
12
Evaluate (-1229 - -1107) + -8 + 4 + -5.
-131
What is -11 - -20 - (-5 - ((6 - (91 - 4)) + 2))?
-65
Calculate 36 - (-44 - -18 - 4 - -14).
52
What is the value of -50 + 53 + (134 - 93)?
44
235 + -253 + (5 + -9 - -2) + -7
-27
Calculate (11 - 5) + 17 + -183 + 42.
-118
What is 143 + -133 + (-5 - (23 + 0))?
-18
40 + -46 - (34 + (-20 - (-22 + 11)))
-31
What is 67 + (-50 - -56) - 36?
37
What is the value of (2159 - 2118) + -5 + -3 + 0?
33
Calculate 17 + (-62 - 94) - 7.
-146
Evaluate (-37 - -8 - (10 + -72)) + 6.
39
What is -6 + (8 - -1) - -7 - (8 - (19 - 16))?
5
What is -80 + (1 + 8 - 20 - 0 - (0 - 8))?
-83
Calculate 18 + (-84 - (-53 - 44)).
31
53 + -37 + -7 - (-3 + (5 + 3 - -75))
-71
What